{"id":623,"date":"2023-02-23T12:56:16","date_gmt":"2023-02-23T11:56:16","guid":{"rendered":"http:\/\/notarglonekova.sk\/?page_id=623"},"modified":"2023-03-28T14:18:54","modified_gmt":"2023-03-28T12:18:54","slug":"osvedcenie-o-priebehu-valnych-zhromazdeni-a-zasadani-pravnickych-osob","status":"publish","type":"page","link":"https:\/\/notarglonekova.sk\/?page_id=623","title":{"rendered":"<strong><em>Osved\u010denie o priebehu valn\u00fdch zhroma\u017eden\u00ed a\u00a0zasadan\u00ed pr\u00e1vnick\u00fdch os\u00f4b<\/em><\/strong>"},"content":{"rendered":"\t\t<div data-elementor-type=\"wp-page\" data-elementor-id=\"623\" class=\"elementor elementor-623\">\n\t\t\t\t\t\t<section class=\"elementor-section elementor-top-section elementor-element elementor-element-7735a3f2 elementor-section-boxed elementor-section-height-default elementor-section-height-default\" data-id=\"7735a3f2\" data-element_type=\"section\" data-settings=\"{&quot;background_background&quot;:&quot;video&quot;}\">\n\t\t\t\t\t\t\t<div class=\"elementor-background-overlay\"><\/div>\n\t\t\t\t\t\t\t<div class=\"elementor-container elementor-column-gap-default\">\n\t\t\t\t\t<div class=\"elementor-column elementor-col-100 elementor-top-column elementor-element elementor-element-77d1449e\" data-id=\"77d1449e\" data-element_type=\"column\">\n\t\t\t<div class=\"elementor-widget-wrap elementor-element-populated\">\n\t\t\t\t\t\t<div class=\"elementor-element elementor-element-2995d0f6 elementor-invisible elementor-widget elementor-widget-heading\" data-id=\"2995d0f6\" data-element_type=\"widget\" data-settings=\"{&quot;_animation&quot;:&quot;fadeInLeft&quot;,&quot;_animation_delay&quot;:300}\" data-widget_type=\"heading.default\">\n\t\t\t\t<div class=\"elementor-widget-container\">\n\t\t\t\t\t<h1 class=\"elementor-heading-title elementor-size-default\">Osved\u010denie o priebehu valn\u00fdch zhroma\u017eden\u00ed a zasadan\u00ed pr\u00e1vnick\u00fdch os\u00f4b<\/h1>\t\t\t\t<\/div>\n\t\t\t\t<\/div>\n\t\t\t\t\t<\/div>\n\t\t<\/div>\n\t\t\t\t\t<\/div>\n\t\t<\/section>\n\t\t\t\t<section class=\"elementor-section elementor-top-section elementor-element elementor-element-705333ac elementor-section-boxed elementor-section-height-default elementor-section-height-default\" data-id=\"705333ac\" data-element_type=\"section\" data-settings=\"{&quot;background_background&quot;:&quot;classic&quot;}\">\n\t\t\t\t\t\t\t<div class=\"elementor-background-overlay\"><\/div>\n\t\t\t\t\t\t\t<div class=\"elementor-container elementor-column-gap-default\">\n\t\t\t\t\t<div class=\"elementor-column elementor-col-50 elementor-top-column elementor-element elementor-element-16c184a7 elementor-invisible\" data-id=\"16c184a7\" data-element_type=\"column\" data-settings=\"{&quot;animation&quot;:&quot;fadeInLeft&quot;,&quot;background_background&quot;:&quot;classic&quot;}\">\n\t\t\t<div class=\"elementor-widget-wrap\">\n\t\t\t\t\t\t\t<\/div>\n\t\t<\/div>\n\t\t\t\t<div class=\"elementor-column elementor-col-50 elementor-top-column elementor-element elementor-element-106d053e elementor-invisible\" data-id=\"106d053e\" data-element_type=\"column\" data-settings=\"{&quot;animation&quot;:&quot;fadeInLeft&quot;}\">\n\t\t\t<div class=\"elementor-widget-wrap elementor-element-populated\">\n\t\t\t\t\t\t<div class=\"elementor-element elementor-element-65d94300 elementor-widget-divider--view-line elementor-invisible elementor-widget elementor-widget-divider\" data-id=\"65d94300\" data-element_type=\"widget\" data-settings=\"{&quot;_animation&quot;:&quot;fadeInUp&quot;}\" data-widget_type=\"divider.default\">\n\t\t\t\t<div class=\"elementor-widget-container\">\n\t\t\t\t\t\t\t<div class=\"elementor-divider\">\n\t\t\t<span class=\"elementor-divider-separator\">\n\t\t\t\t\t\t<\/span>\n\t\t<\/div>\n\t\t\t\t\t\t<\/div>\n\t\t\t\t<\/div>\n\t\t\t\t<div class=\"elementor-element elementor-element-40359a27 envato-kit-93-drop-cap elementor-drop-cap-yes elementor-drop-cap-view-default elementor-invisible elementor-widget elementor-widget-text-editor\" data-id=\"40359a27\" data-element_type=\"widget\" data-settings=\"{&quot;_animation&quot;:&quot;fadeInUp&quot;,&quot;drop_cap&quot;:&quot;yes&quot;}\" data-widget_type=\"text-editor.default\">\n\t\t\t\t<div class=\"elementor-widget-container\">\n\t\t\t\t\t\t\t\t\t<p>Ak ide o osved\u010denie priebehu valn\u00fdch zhroma\u017eden\u00ed akciov\u00fdch alebo in\u00fdch spolo\u010dnost\u00ed, spolkov alebo in\u00fdch zasadan\u00ed pr\u00e1vnick\u00fdch os\u00f4b, sp\u00ed\u0161e not\u00e1r not\u00e1rsku z\u00e1pisnicu, v ktorej uvedie miesto a \u010das zasadania, podrobne zaznamen\u00e1 prijat\u00e9 uznesenia a uvedie v\u0161etko podstatn\u00e9, \u010do sa za jeho pr\u00edtomnosti na zasadan\u00ed udialo a bolo prednesen\u00e9, ak je to d\u00f4le\u017eit\u00e9 na pos\u00fadenie riadneho postupu rokovania. Not\u00e1rsku z\u00e1pisnicu podpisuje okrem not\u00e1ra aj predseda valn\u00e9ho zhroma\u017edenia alebo in\u00e9ho zasadania, pr\u00edpadne dvaja \u010dlenovia valn\u00e9ho zhroma\u017edenia. Ak s\u00fa splnen\u00e9 podmienky, m\u00f4\u017ee by\u0165 v z\u00e1pisnici tie\u017e potvrden\u00e1 osobn\u00e1 toto\u017enos\u0165 predsedu alebo in\u00fdch os\u00f4b, ktor\u00e9 boli pr\u00edtomn\u00e9 na zasadan\u00ed. Ak nedo\u0161lo k tak\u00e9mu potvrdeniu, not\u00e1r nezodpoved\u00e1 za toto\u017enos\u0165 os\u00f4b uveden\u00fdch v z\u00e1pisnici.<\/p>\t\t\t\t\t\t\t\t<\/div>\n\t\t\t\t<\/div>\n\t\t\t\t\t<\/div>\n\t\t<\/div>\n\t\t\t\t\t<\/div>\n\t\t<\/section>\n\t\t\t\t<section class=\"elementor-section elementor-top-section elementor-element elementor-element-4375af87 elementor-section-boxed elementor-section-height-default elementor-section-height-default\" data-id=\"4375af87\" data-element_type=\"section\" data-settings=\"{&quot;background_background&quot;:&quot;classic&quot;}\">\n\t\t\t\t\t\t\t<div class=\"elementor-background-overlay\"><\/div>\n\t\t\t\t\t\t\t<div class=\"elementor-container elementor-column-gap-default\">\n\t\t\t\t\t<div class=\"elementor-column elementor-col-100 elementor-top-column elementor-element elementor-element-86eea40\" data-id=\"86eea40\" data-element_type=\"column\">\n\t\t\t<div class=\"elementor-widget-wrap elementor-element-populated\">\n\t\t\t\t\t\t<div class=\"elementor-element elementor-element-53cd7e13 elementor-invisible elementor-widget elementor-widget-heading\" data-id=\"53cd7e13\" data-element_type=\"widget\" data-settings=\"{&quot;_animation&quot;:&quot;fadeInUp&quot;}\" data-widget_type=\"heading.default\">\n\t\t\t\t<div class=\"elementor-widget-container\">\n\t\t\t\t\t<h2 class=\"elementor-heading-title elementor-size-default\">Chcete osved\u010di\u0165 priebeh valn\u00e9ho zhroma\u017edenia  Va\u0161ej spolo\u010dnosti ?<\/h2>\t\t\t\t<\/div>\n\t\t\t\t<\/div>\n\t\t\t\t<section class=\"elementor-section elementor-inner-section elementor-element elementor-element-40e3fbe8 elementor-section-boxed elementor-section-height-default elementor-section-height-default\" data-id=\"40e3fbe8\" data-element_type=\"section\">\n\t\t\t\t\t\t<div class=\"elementor-container elementor-column-gap-default\">\n\t\t\t\t\t<div class=\"elementor-column elementor-col-100 elementor-inner-column elementor-element elementor-element-2466ed75\" data-id=\"2466ed75\" data-element_type=\"column\">\n\t\t\t<div class=\"elementor-widget-wrap elementor-element-populated\">\n\t\t\t\t\t\t<div class=\"elementor-element elementor-element-76917987 elementor-align-center elementor-widget elementor-widget-button\" data-id=\"76917987\" data-element_type=\"widget\" data-widget_type=\"button.default\">\n\t\t\t\t<div class=\"elementor-widget-container\">\n\t\t\t\t\t\t\t\t\t<div class=\"elementor-button-wrapper\">\n\t\t\t\t\t<a class=\"elementor-button elementor-button-link elementor-size-sm\" href=\"http:\/\/notarglonekova.sk\/?page_id=267\">\n\t\t\t\t\t\t<span class=\"elementor-button-content-wrapper\">\n\t\t\t\t\t\t\t\t\t<span class=\"elementor-button-text\">Kontaktujte n\u00e1s<\/span>\n\t\t\t\t\t<\/span>\n\t\t\t\t\t<\/a>\n\t\t\t\t<\/div>\n\t\t\t\t\t\t\t\t<\/div>\n\t\t\t\t<\/div>\n\t\t\t\t\t<\/div>\n\t\t<\/div>\n\t\t\t\t\t<\/div>\n\t\t<\/section>\n\t\t\t\t\t<\/div>\n\t\t<\/div>\n\t\t\t\t\t<\/div>\n\t\t<\/section>\n\t\t\t\t<\/div>\n\t\t","protected":false},"excerpt":{"rendered":"<p>Osved\u010denie o priebehu valn\u00fdch zhroma\u017eden\u00ed a zasadan\u00ed pr\u00e1vnick\u00fdch os\u00f4b Ak ide o osved\u010denie priebehu valn\u00fdch zhroma\u017eden\u00ed akciov\u00fdch alebo in\u00fdch spolo\u010dnost\u00ed, spolkov alebo in\u00fdch zasadan\u00ed pr\u00e1vnick\u00fdch os\u00f4b, sp\u00ed\u0161e not\u00e1r not\u00e1rsku z\u00e1pisnicu, v ktorej uvedie miesto a \u010das zasadania, podrobne zaznamen\u00e1 prijat\u00e9 uznesenia a uvedie v\u0161etko podstatn\u00e9, \u010do sa za jeho pr\u00edtomnosti na zasadan\u00ed udialo a bolo [&hellip;]<\/p>\n","protected":false},"author":1,"featured_media":0,"parent":600,"menu_order":3,"comment_status":"closed","ping_status":"closed","template":"","meta":{"_monsterinsights_skip_tracking":false,"_monsterinsights_sitenote_active":false,"_monsterinsights_sitenote_note":"","_monsterinsights_sitenote_category":0,"site-sidebar-layout":"no-sidebar","site-content-layout":"page-builder","ast-site-content-layout":"","site-content-style":"default","site-sidebar-style":"default","ast-global-header-display":"","ast-banner-title-visibility":"","ast-main-header-display":"","ast-hfb-above-header-display":"","ast-hfb-below-header-display":"","ast-hfb-mobile-header-display":"","site-post-title":"disabled","ast-breadcrumbs-content":"","ast-featured-img":"disabled","footer-sml-layout":"","theme-transparent-header-meta":"","adv-header-id-meta":"","stick-header-meta":"","header-above-stick-meta":"","header-main-stick-meta":"","header-below-stick-meta":"","astra-migrate-meta-layouts":"default","ast-page-background-enabled":"default","ast-page-background-meta":{"desktop":{"background-color":"var(--ast-global-color-4)","background-image":"","background-repeat":"repeat","background-position":"center center","background-size":"auto","background-attachment":"scroll","background-type":"","background-media":"","overlay-type":"","overlay-color":"","overlay-gradient":""},"tablet":{"background-color":"","background-image":"","background-repeat":"repeat","background-position":"center center","background-size":"auto","background-attachment":"scroll","background-type":"","background-media":"","overlay-type":"","overlay-color":"","overlay-gradient":""},"mobile":{"background-color":"","background-image":"","background-repeat":"repeat","background-position":"center center","background-size":"auto","background-attachment":"scroll","background-type":"","background-media":"","overlay-type":"","overlay-color":"","overlay-gradient":""}},"ast-content-background-meta":{"desktop":{"background-color":"var(--ast-global-color-5)","background-image":"","background-repeat":"repeat","background-position":"center center","background-size":"auto","background-attachment":"scroll","background-type":"","background-media":"","overlay-type":"","overlay-color":"","overlay-gradient":""},"tablet":{"background-color":"var(--ast-global-color-5)","background-image":"","background-repeat":"repeat","background-position":"center center","background-size":"auto","background-attachment":"scroll","background-type":"","background-media":"","overlay-type":"","overlay-color":"","overlay-gradient":""},"mobile":{"background-color":"var(--ast-global-color-5)","background-image":"","background-repeat":"repeat","background-position":"center center","background-size":"auto","background-attachment":"scroll","background-type":"","background-media":"","overlay-type":"","overlay-color":"","overlay-gradient":""}},"footnotes":""},"yoast_head":"<!-- This site is optimized with the Yoast SEO plugin v23.5 - https:\/\/yoast.com\/wordpress\/plugins\/seo\/ -->\n<title>Osved\u010denie o priebehu valn\u00fdch zhroma\u017eden\u00ed a\u00a0zasadan\u00ed pr\u00e1vnick\u00fdch os\u00f4b -<\/title>\n<meta name=\"description\" content=\"Ak ide o osved\u010denie priebehu valn\u00fdch zhroma\u017eden\u00ed akciov\u00fdch alebo in\u00fdch spolo\u010dnost\u00ed, spolkov alebo in\u00fdch zasadan\u00ed pr\u00e1vnick\u00fdch os\u00f4b, sp\u00ed\u0161e not\u00e1r not\u00e1rsku z\u00e1pisnicu, v ktorej uvedie miesto a \u010das zasadania, podrobne zaznamen\u00e1 prijat\u00e9 uznesenia a uvedie v\u0161etko podstatn\u00e9, \u010do sa za jeho pr\u00edtomnosti na zasadan\u00ed udialo a bolo prednesen\u00e9, ak je to d\u00f4le\u017eit\u00e9 na pos\u00fadenie riadneho postupu rokovania.\" \/>\n<meta name=\"robots\" content=\"index, follow, max-snippet:-1, max-image-preview:large, max-video-preview:-1\" \/>\n<link rel=\"canonical\" href=\"https:\/\/notarglonekova.sk\/?page_id=623\" \/>\n<meta property=\"og:locale\" content=\"sk_SK\" \/>\n<meta property=\"og:type\" content=\"article\" \/>\n<meta property=\"og:title\" content=\"Osved\u010denie o priebehu valn\u00fdch zhroma\u017eden\u00ed a\u00a0zasadan\u00ed pr\u00e1vnick\u00fdch os\u00f4b -\" \/>\n<meta property=\"og:description\" content=\"Ak ide o osved\u010denie priebehu valn\u00fdch zhroma\u017eden\u00ed akciov\u00fdch alebo in\u00fdch spolo\u010dnost\u00ed, spolkov alebo in\u00fdch zasadan\u00ed pr\u00e1vnick\u00fdch os\u00f4b, sp\u00ed\u0161e not\u00e1r not\u00e1rsku z\u00e1pisnicu, v ktorej uvedie miesto a \u010das zasadania, podrobne zaznamen\u00e1 prijat\u00e9 uznesenia a uvedie v\u0161etko podstatn\u00e9, \u010do sa za jeho pr\u00edtomnosti na zasadan\u00ed udialo a bolo prednesen\u00e9, ak je to d\u00f4le\u017eit\u00e9 na pos\u00fadenie riadneho postupu rokovania.\" \/>\n<meta property=\"og:url\" content=\"https:\/\/notarglonekova.sk\/?page_id=623\" \/>\n<meta property=\"article:modified_time\" content=\"2023-03-28T12:18:54+00:00\" \/>\n<meta name=\"twitter:card\" content=\"summary_large_image\" \/>\n<meta name=\"twitter:label1\" content=\"Predpokladan\u00fd \u010das \u010d\u00edtania\" \/>\n\t<meta name=\"twitter:data1\" content=\"1 min\u00fata\" \/>\n<script type=\"application\/ld+json\" class=\"yoast-schema-graph\">{\"@context\":\"https:\/\/schema.org\",\"@graph\":[{\"@type\":\"WebPage\",\"@id\":\"https:\/\/notarglonekova.sk\/?page_id=623\",\"url\":\"https:\/\/notarglonekova.sk\/?page_id=623\",\"name\":\"Osved\u010denie o priebehu valn\u00fdch zhroma\u017eden\u00ed a\u00a0zasadan\u00ed pr\u00e1vnick\u00fdch os\u00f4b -\",\"isPartOf\":{\"@id\":\"https:\/\/notarglonekova.sk\/#website\"},\"datePublished\":\"2023-02-23T11:56:16+00:00\",\"dateModified\":\"2023-03-28T12:18:54+00:00\",\"description\":\"Ak ide o osved\u010denie priebehu valn\u00fdch zhroma\u017eden\u00ed akciov\u00fdch alebo in\u00fdch spolo\u010dnost\u00ed, spolkov alebo in\u00fdch zasadan\u00ed pr\u00e1vnick\u00fdch os\u00f4b, sp\u00ed\u0161e not\u00e1r not\u00e1rsku z\u00e1pisnicu, v ktorej uvedie miesto a \u010das zasadania, podrobne zaznamen\u00e1 prijat\u00e9 uznesenia a uvedie v\u0161etko podstatn\u00e9, \u010do sa za jeho pr\u00edtomnosti na zasadan\u00ed udialo a bolo prednesen\u00e9, ak je to d\u00f4le\u017eit\u00e9 na pos\u00fadenie riadneho postupu rokovania.\",\"breadcrumb\":{\"@id\":\"https:\/\/notarglonekova.sk\/?page_id=623#breadcrumb\"},\"inLanguage\":\"sk-SK\",\"potentialAction\":[{\"@type\":\"ReadAction\",\"target\":[\"https:\/\/notarglonekova.sk\/?page_id=623\"]}]},{\"@type\":\"BreadcrumbList\",\"@id\":\"https:\/\/notarglonekova.sk\/?page_id=623#breadcrumb\",\"itemListElement\":[{\"@type\":\"ListItem\",\"position\":1,\"name\":\"Domovsk\u00e1 str\u00e1nka\",\"item\":\"https:\/\/notarglonekova.sk\/\"},{\"@type\":\"ListItem\",\"position\":2,\"name\":\"Not\u00e1rska \u010dinnos\u0165\",\"item\":\"https:\/\/notarglonekova.sk\/?page_id=227\"},{\"@type\":\"ListItem\",\"position\":3,\"name\":\"Osved\u010dovanie pr\u00e1vne v\u00fdznamn\u00fdch skuto\u010dnost\u00ed\",\"item\":\"https:\/\/notarglonekova.sk\/?page_id=600\"},{\"@type\":\"ListItem\",\"position\":4,\"name\":\"Osved\u010denie o priebehu valn\u00fdch zhroma\u017eden\u00ed a\u00a0zasadan\u00ed pr\u00e1vnick\u00fdch os\u00f4b\"}]},{\"@type\":\"WebSite\",\"@id\":\"https:\/\/notarglonekova.sk\/#website\",\"url\":\"https:\/\/notarglonekova.sk\/\",\"name\":\"https:\/\/notarglonekova.sk\/\",\"description\":\"Not\u00e1r v centre Ve\u013ek\u00e9ho Medera\",\"publisher\":{\"@id\":\"https:\/\/notarglonekova.sk\/#organization\"},\"potentialAction\":[{\"@type\":\"SearchAction\",\"target\":{\"@type\":\"EntryPoint\",\"urlTemplate\":\"https:\/\/notarglonekova.sk\/?s={search_term_string}\"},\"query-input\":{\"@type\":\"PropertyValueSpecification\",\"valueRequired\":true,\"valueName\":\"search_term_string\"}}],\"inLanguage\":\"sk-SK\"},{\"@type\":\"Organization\",\"@id\":\"https:\/\/notarglonekova.sk\/#organization\",\"name\":\"JUDr. Mgr. Sabina Glonekov\u00e1, not\u00e1r\",\"url\":\"https:\/\/notarglonekova.sk\/\",\"logo\":{\"@type\":\"ImageObject\",\"inLanguage\":\"sk-SK\",\"@id\":\"https:\/\/notarglonekova.sk\/#\/schema\/logo\/image\/\",\"url\":\"http:\/\/notarglonekova.sk\/wp-content\/uploads\/2023\/02\/Justice.jpg\",\"contentUrl\":\"http:\/\/notarglonekova.sk\/wp-content\/uploads\/2023\/02\/Justice.jpg\",\"width\":1180,\"height\":560,\"caption\":\"JUDr. Mgr. Sabina Glonekov\u00e1, not\u00e1r\"},\"image\":{\"@id\":\"https:\/\/notarglonekova.sk\/#\/schema\/logo\/image\/\"}}]}<\/script>\n<!-- \/ Yoast SEO plugin. -->","yoast_head_json":{"title":"Osved\u010denie o priebehu valn\u00fdch zhroma\u017eden\u00ed a\u00a0zasadan\u00ed pr\u00e1vnick\u00fdch os\u00f4b -","description":"Ak ide o osved\u010denie priebehu valn\u00fdch zhroma\u017eden\u00ed akciov\u00fdch alebo in\u00fdch spolo\u010dnost\u00ed, spolkov alebo in\u00fdch zasadan\u00ed pr\u00e1vnick\u00fdch os\u00f4b, sp\u00ed\u0161e not\u00e1r not\u00e1rsku z\u00e1pisnicu, v ktorej uvedie miesto a \u010das zasadania, podrobne zaznamen\u00e1 prijat\u00e9 uznesenia a uvedie v\u0161etko podstatn\u00e9, \u010do sa za jeho pr\u00edtomnosti na zasadan\u00ed udialo a bolo prednesen\u00e9, ak je to d\u00f4le\u017eit\u00e9 na pos\u00fadenie riadneho postupu rokovania.","robots":{"index":"index","follow":"follow","max-snippet":"max-snippet:-1","max-image-preview":"max-image-preview:large","max-video-preview":"max-video-preview:-1"},"canonical":"https:\/\/notarglonekova.sk\/?page_id=623","og_locale":"sk_SK","og_type":"article","og_title":"Osved\u010denie o priebehu valn\u00fdch zhroma\u017eden\u00ed a\u00a0zasadan\u00ed pr\u00e1vnick\u00fdch os\u00f4b -","og_description":"Ak ide o osved\u010denie priebehu valn\u00fdch zhroma\u017eden\u00ed akciov\u00fdch alebo in\u00fdch spolo\u010dnost\u00ed, spolkov alebo in\u00fdch zasadan\u00ed pr\u00e1vnick\u00fdch os\u00f4b, sp\u00ed\u0161e not\u00e1r not\u00e1rsku z\u00e1pisnicu, v ktorej uvedie miesto a \u010das zasadania, podrobne zaznamen\u00e1 prijat\u00e9 uznesenia a uvedie v\u0161etko podstatn\u00e9, \u010do sa za jeho pr\u00edtomnosti na zasadan\u00ed udialo a bolo prednesen\u00e9, ak je to d\u00f4le\u017eit\u00e9 na pos\u00fadenie riadneho postupu rokovania.","og_url":"https:\/\/notarglonekova.sk\/?page_id=623","article_modified_time":"2023-03-28T12:18:54+00:00","twitter_card":"summary_large_image","twitter_misc":{"Predpokladan\u00fd \u010das \u010d\u00edtania":"1 min\u00fata"},"schema":{"@context":"https:\/\/schema.org","@graph":[{"@type":"WebPage","@id":"https:\/\/notarglonekova.sk\/?page_id=623","url":"https:\/\/notarglonekova.sk\/?page_id=623","name":"Osved\u010denie o priebehu valn\u00fdch zhroma\u017eden\u00ed a\u00a0zasadan\u00ed pr\u00e1vnick\u00fdch os\u00f4b -","isPartOf":{"@id":"https:\/\/notarglonekova.sk\/#website"},"datePublished":"2023-02-23T11:56:16+00:00","dateModified":"2023-03-28T12:18:54+00:00","description":"Ak ide o osved\u010denie priebehu valn\u00fdch zhroma\u017eden\u00ed akciov\u00fdch alebo in\u00fdch spolo\u010dnost\u00ed, spolkov alebo in\u00fdch zasadan\u00ed pr\u00e1vnick\u00fdch os\u00f4b, sp\u00ed\u0161e not\u00e1r not\u00e1rsku z\u00e1pisnicu, v ktorej uvedie miesto a \u010das zasadania, podrobne zaznamen\u00e1 prijat\u00e9 uznesenia a uvedie v\u0161etko podstatn\u00e9, \u010do sa za jeho pr\u00edtomnosti na zasadan\u00ed udialo a bolo prednesen\u00e9, ak je to d\u00f4le\u017eit\u00e9 na pos\u00fadenie riadneho postupu rokovania.","breadcrumb":{"@id":"https:\/\/notarglonekova.sk\/?page_id=623#breadcrumb"},"inLanguage":"sk-SK","potentialAction":[{"@type":"ReadAction","target":["https:\/\/notarglonekova.sk\/?page_id=623"]}]},{"@type":"BreadcrumbList","@id":"https:\/\/notarglonekova.sk\/?page_id=623#breadcrumb","itemListElement":[{"@type":"ListItem","position":1,"name":"Domovsk\u00e1 str\u00e1nka","item":"https:\/\/notarglonekova.sk\/"},{"@type":"ListItem","position":2,"name":"Not\u00e1rska \u010dinnos\u0165","item":"https:\/\/notarglonekova.sk\/?page_id=227"},{"@type":"ListItem","position":3,"name":"Osved\u010dovanie pr\u00e1vne v\u00fdznamn\u00fdch skuto\u010dnost\u00ed","item":"https:\/\/notarglonekova.sk\/?page_id=600"},{"@type":"ListItem","position":4,"name":"Osved\u010denie o priebehu valn\u00fdch zhroma\u017eden\u00ed a\u00a0zasadan\u00ed pr\u00e1vnick\u00fdch os\u00f4b"}]},{"@type":"WebSite","@id":"https:\/\/notarglonekova.sk\/#website","url":"https:\/\/notarglonekova.sk\/","name":"https:\/\/notarglonekova.sk\/","description":"Not\u00e1r v centre Ve\u013ek\u00e9ho Medera","publisher":{"@id":"https:\/\/notarglonekova.sk\/#organization"},"potentialAction":[{"@type":"SearchAction","target":{"@type":"EntryPoint","urlTemplate":"https:\/\/notarglonekova.sk\/?s={search_term_string}"},"query-input":{"@type":"PropertyValueSpecification","valueRequired":true,"valueName":"search_term_string"}}],"inLanguage":"sk-SK"},{"@type":"Organization","@id":"https:\/\/notarglonekova.sk\/#organization","name":"JUDr. Mgr. Sabina Glonekov\u00e1, not\u00e1r","url":"https:\/\/notarglonekova.sk\/","logo":{"@type":"ImageObject","inLanguage":"sk-SK","@id":"https:\/\/notarglonekova.sk\/#\/schema\/logo\/image\/","url":"http:\/\/notarglonekova.sk\/wp-content\/uploads\/2023\/02\/Justice.jpg","contentUrl":"http:\/\/notarglonekova.sk\/wp-content\/uploads\/2023\/02\/Justice.jpg","width":1180,"height":560,"caption":"JUDr. Mgr. Sabina Glonekov\u00e1, not\u00e1r"},"image":{"@id":"https:\/\/notarglonekova.sk\/#\/schema\/logo\/image\/"}}]}},"_links":{"self":[{"href":"https:\/\/notarglonekova.sk\/index.php?rest_route=\/wp\/v2\/pages\/623"}],"collection":[{"href":"https:\/\/notarglonekova.sk\/index.php?rest_route=\/wp\/v2\/pages"}],"about":[{"href":"https:\/\/notarglonekova.sk\/index.php?rest_route=\/wp\/v2\/types\/page"}],"author":[{"embeddable":true,"href":"https:\/\/notarglonekova.sk\/index.php?rest_route=\/wp\/v2\/users\/1"}],"replies":[{"embeddable":true,"href":"https:\/\/notarglonekova.sk\/index.php?rest_route=%2Fwp%2Fv2%2Fcomments&post=623"}],"version-history":[{"count":6,"href":"https:\/\/notarglonekova.sk\/index.php?rest_route=\/wp\/v2\/pages\/623\/revisions"}],"predecessor-version":[{"id":1032,"href":"https:\/\/notarglonekova.sk\/index.php?rest_route=\/wp\/v2\/pages\/623\/revisions\/1032"}],"up":[{"embeddable":true,"href":"https:\/\/notarglonekova.sk\/index.php?rest_route=\/wp\/v2\/pages\/600"}],"wp:attachment":[{"href":"https:\/\/notarglonekova.sk\/index.php?rest_route=%2Fwp%2Fv2%2Fmedia&parent=623"}],"curies":[{"name":"wp","href":"https:\/\/api.w.org\/{rel}","templated":true}]}}